 1480277
What are the prime factors of 3736891615?
5, 5413, 138071
What are the prime factors of 2683004052?
2, 3, 223583671
What are the prime factors of 9091127244?
2, 3, 757593937
List the prime factors of 126795661.
59, 139, 15461
What are the prime factors of 719609116?
2, 17, 19, 139, 4007
List the prime factors of 261768065.
5, 13, 29, 138869
List the prime factors of 161592764.
2, 37, 1091843
What are the prime factors of 311861413?
17, 43, 233, 1831
What are the prime factors of 1084204663?
2909, 372707
What are the prime factors of 1936020117?
3, 645340039
List the prime factors of 52919173.
109, 485497
List the prime factors of 29915137.
7, 181, 3373
List the prime factors of 436940138.
2, 218470069
What are the prime factors of 25467824?
2, 1021, 1559
What are the prime factors of 136727913?
3, 7, 37, 149, 1181
List the prime factors of 20727487.
11, 829, 2273
List the prime factors of 20625565.
5, 4125113
List the prime factors of 43298030.
2, 5, 823, 5261
What are the prime factors of 16424730?
2, 3, 5, 7, 29, 31
What are the prime factors of 1174393135?
5, 19, 29, 37, 41, 281
What are the prime factors of 13184846?
2, 6592423
What are the prime factors of 11456728?
2, 1432091
List the prime factors of 17011090.
2, 5, 173, 9833
What are the prime factors of 3450006389?
3450006389
What are the prime factors of 2824546970?
2, 5, 7, 23, 1754377
What are the prime factors of 409796865?
3, 5, 23, 599, 661
What are the prime factors of 148373671?
17, 1709, 5107
What are the prime factors of 28507285?
5, 5701457
What are the prime factors of 7141008095?
5, 13, 337, 325999
List the prime factors of 252849655.
5, 50569931
What are the prime factors of 5054530264?
2, 7, 90259469
List the prime factors of 32080412.
2, 7, 13, 31, 2843
List the prime factors of 1361373099.
3, 71, 233, 27431
List the prime factors of 352649818.
2, 176324909
List the prime factors of 2525075045.
5, 3169, 159361
List the prime factors of 80864085.
3, 5, 5390939
List the prime factors of 550674272.
2, 29, 593399
What are the prime factors of 4258748501?
7, 608392643
List the prime factors of 437760082.
2, 829, 264029
What are the prime factors of 27134455?
5, 31, 175061
What are the prime factors of 162694816?
2, 5084213
List the prime factors of 125953632.
2, 3, 7, 62477
List the prime factors of 50153078.
2, 25076539
List the prime factors of 78587257.
7, 2719, 4129
What are the prime factors of 1818770567?
1818770567
List the prime factors of 1669400693.
59, 28294927
What are the prime factors of 262599134?
2, 7, 137, 19559
What are the prime factors of 1961709571?
1961709571
What are the prime factors of 1281248706?
2, 3, 179, 1192969
What are the prime factors of 243396271?
243396271
What are the prime factors of 192193912?
2, 4099, 5861
List the prime factors of 344290531.
13, 26483887
List the prime factors of 1015995791.
1621, 626771
List the prime factors of 2091757751.
2091757751
List the prime factors of 3503307463.
167, 20977889
What are the prime factors of 58996050?
2, 3, 5, 541, 727
List the prime factors of 13848252.
2, 3, 11, 104911
What are the prime factors of 1973372550?
2, 3, 5, 47, 317, 883
What are the prime factors of 4800327753?
3, 13, 123085327
List the prime factors of 485211945.
3, 5, 97, 333479
List the prime factors of 536910592.
2, 17, 107, 1153
What are the prime factors of 423898343?
11, 43, 896191
What are the prime factors of 37410483?
3, 11, 1133651
List the prime factors of 1198216796.
2, 7, 137, 44623
What are the prime factors of 3375426494?
2, 11, 19, 107, 163, 463
List the prime factors of 1082483153.
193, 5608721
What are the prime factors of 1363279787?
2713, 502499
List the prime factors of 1050455997.
3, 1409, 82837
List the prime factors of 17504936.
2, 2188117
List the prime factors of 138146484.
2, 3, 7, 103, 2281
What are the prime factors of 788285522?
2, 18233, 21617
List the prime factors of 2516012561.
7993, 314777
What are the prime factors of 349718703?
3, 23, 641, 7907
List the prime factors of 97508745.
3, 5, 722287
What are the prime factors of 324003566?
2, 41, 3951263
List the prime factors of 8944320.
2, 3, 5, 7, 11
List the prime factors of 3457448993.
3457448993
List the prime factors of 4577596.
2, 1144399
What are the prime factors of 151938460?
2, 5, 23, 557, 593
What are the prime factors of 222327816?
2, 3, 19, 487561
List the prime factors of 1866274743.
3, 53, 139, 84443
What are the prime factors of 57520795?
5, 11504159
What are the prime factors of 52217360?
2, 5, 13, 23, 37, 59
List the prime factors of 74638125.
3, 5, 4423
What are the prime factors of 998255688?
2, 3, 293, 141959
What are the prime factors of 1187508259?
7, 17, 9979061
List the prime factors of 137867511.
3, 439, 104683
List the prime factors of 1120339584.
2, 3, 7, 13, 10687
List the prime factors of 626093174.
2, 7, 31, 1442611
List the prime factors of 4333978393.
5039, 860087
What are the prime factors of 629760129?
3, 4817, 43579
What are the prime factors of 756104551?
109, 6936739
List the prime factors of 689659086.
2, 3, 3539, 32479
List the prime factors of 174058539.
3, 43, 409, 3299
List the prime factors of 221239830.
2, 3, 5, 7, 211, 4993
List the prime factors of 62683642.
2, 7, 523, 1223
List the prime factors of 170587546.
2, 89, 958357
List the prime factors of 391601588.
2, 7, 23, 151, 4027
List the prime factors of 194804080.
2, 5, 2435051
List the prime factors of 4962279412.
2, 1240569853
List the prime factors of 41614450.
2, 5, 631, 1319
What are the prime factors of 1382559?
3, 17, 27109
List the prime factors of 59637374.
2, 29818687
What are the prime factors of 15303743?
7, 13, 43, 3911
List the prime factors of 35242533.
3, 145031
What are the prime factors of 309275157?
3, 103091719
What are the prime factors of 147294985?
5, 97, 269, 1129
List the prime factors of 51714685.
5, 11, 29, 32423
What are the prime factors of 1306241220?
2, 3, 5, 21770687
List the prime factors of 21101716.
2, 41, 128669
List the prime factors of 287640175.
5, 941, 12227
List the prime factors of 282557836.
2, 11, 1627, 3947
List the prime factors of 1556179008.
2, 3, 8105099
List the prime factors of 132065836.
2, 7, 59, 79943
What are the prime factors of 132780499?
47, 2825117
What are the prime factors of 2312987914?
2, 19, 1979, 30757
List the prime factors of 1658469012.
2, 3, 4789, 28859
What are the prime factors of 96764542?
2, 7, 23, 300511
What are the prime factors of 54383788?
2, 13595947
List the prime factors of 910408410.
2, 3, 5, 1123961
What are the prime factors of 7789464857?
7789464857
List the prime factors of 362962706.
2, 1381, 131413
List the prime factors of 1385374189.
19, 72914431
What are the prime factors of 459106006?
2, 19, 131, 92227
List the prime factors of 3874340849.
13807, 280607
What are the prime factors of 1162396698?
2, 3, 193732783
List the prime factors of 2804189.
2804189
What are the prime factors of 3408719?
3408719
List the prime factors of 4082780034.
2, 3, 226821113
List the prime factors of 2615254916.
2, 29, 1873, 12037
List the prime factors of 67733580.
2, 3, 5, 47, 24019
List the prime factors of 334930721.
334930721
List the prime factors of 39613822.
2, 19, 1042469
What are the prime factors of 989982536?
2, 19, 71, 91733
What are the prime factors of 332926974?
2, 3, 1409, 13127
What are the prime factors of 246526657?
13, 743, 25523
What are the prime factors of 1732719528?
2, 3, 24065549
What are the prime factors of 204009821?
19, 10737359
What are the prime factors of 59797045?
5, 7, 11, 155317
What are the prime factors of 345224283?
3, 115074761
What are the prime factors of 7027780892?
2, 11, 17, 349, 26921
List the prime factors of 773095961.
11, 17, 4134203
What are the prime factors of 434160753?
3, 13, 11132327
What are the prime factors of 2297770956?
2, 3, 13, 283, 5783
List the prime factors of 2763266956.
2, 73, 9463243
List the prime factors of 49302325.
5, 1972093
List the prime factors of 21219707.
21219707
What are the prime factors of 5050152?
2, 3, 70141
List the prime factors of 204445517.
83, 887, 2777
What are the prime factors of 180663184?
2, 13, 197, 4409
What are the prime factors of 6276029?
73, 149, 577
List the prime fact